or of k and 10?
5
Suppose 0*q = -q + 176. Suppose 46 + 30 = 4*r + 4*k, 3*r - 2*k - 42 = 0. Calculate the greatest common factor of q and r.
16
Let d = 8 + -7. Let f(y) = 31*y**2 + 1. Let a be f(d). Calculate the highest common divisor of 8 and a.
8
Suppose -1160 = 3*d + d. Let b be (-4)/(-10) - d/25. What is the highest common factor of 132 and b?
12
Let u be 2*(-7)/(14/(-16)). Suppose -224 = -3*k + k. What is the greatest common divisor of u and k?
16
Let x = 1 - -9. What is the highest common divisor of 20 and x?
10
Suppose 0 = 3*b - 6*b + 153. What is the highest common divisor of b and 3?
3
Let f = -103 - -120. Calculate the highest common divisor of 17 and f.
17
Suppose -2*u + 3 + 7 = 0. Suppose u = -4*z + 5*z + 2*l, 2*z + l - 13 = 0. Let f(a) = -14*a. Let r be f(-1). Calculate the highest common divisor of z and r.
7
Let c be (0 - -42)*104/39. Calculate the highest common factor of 16 and c.
16
Suppose 2*f - 114 = m + 27, -f = 4*m - 66. Let v(c) = c**3 + 6*c**2 + c + 4. Let o be v(-3). Calculate the greatest common factor of o and f.
14
Let w(o) = 3*o - o**3 + o - 2*o**2 + o - 7 + 1. Let m be w(-5). What is the highest common divisor of 11 and m?
11
Let d = 1 + 1. Let u(r) = 13*r**2 - 2*r + 2. Let i be u(d). Calculate the greatest common divisor of i and 20.
10
Let u be ((-10)/(-8))/(8/32). Let a = 12 - u. What is the highest common divisor of a and 1?
1
Suppose 0 = 2*d - 512 + 28. Let t be (13/(-39))/((-1)/66). What is the greatest common factor of t and d?
22
Let g be (-7)/(14/(-4)) - 39. Let k = g + 60. Calculate the greatest common divisor of k and 253.
23
Suppose 3*s - 4*c = -74, 3*s + 0*c = 2*c - 70. Let g be (-2)/4*(s - 4). What is the greatest common factor of 143 and g?
13
Suppose -d - 4*d + 75 = 0. Let p be (-62)/(-4) - (-13)/26. Let a be p/(-4) - (-122 + -2). Calculate the greatest common divisor of a and d.
15
Let j(p) = 32*p**2 - 1. Let c be j(-1). Let a = -1 + c. Calculate the highest common factor of a and 45.
15
Let l(j) be the third derivative of j**5/60 + j**4/4 - 5*j**3/3 + 4*j**2. Let b be l(-8). What is the highest common divisor of 30 and b?
6
Let a be 1 - (3 + 1 - 78). Calculate the highest common factor of 15 and a.
15
Let q(u) = u**3 + 9*u**2 + 4*u - 17. Let s be q(-8). Calculate the greatest common divisor of 120 and s.
15
Let p be 2/8 + 15/4. Suppose 2*n + l = n - 17, p*l = -2*n - 28. Let t be 4/n + 632/10. What is the highest common divisor of t and 9?
9
Suppose 3*f + 7 = -4*v, 5*f + 17 = -2*v - 2*v. Suppose -s = -v*s + 9. What is the greatest common factor of 9 and s?
9
Suppose 4*s + 0 = 12. Let g(n) = -n**3 + 4*n**2 - 3*n + 1. Let m be g(s). What is the greatest common divisor of m and 8?
1
Let b be (-20)/(-6)*(-36)/(-20). Let r be b/(-2) - -3 - -3. Let m = r + 5. What is the greatest common divisor of m and 32?
8
Let g be (-1)/(-2) + (-46)/(-4). Calculate the highest common factor of 18 and g.
6
Let v be (-1 - (-48)/(-15))*-5. Calculate the highest common divisor of v and 105.
21
Suppose 8*l = 3*l + c - 16, -5*l + 4*c - 4 = 0. Let m be (-98)/l - (-24)/16. Calculate the highest common divisor of 234 and m.
26
Let m be 21/14*(-40)/(-6). Let o(y) = 14*y**2 - y. Let r be o(-1). What is the highest common divisor of m and r?
5
Suppose 0 = 6*m - 616 - 140. Let i = -25 + 43. What is the greatest common divisor of i and m?
18
Let l be (-7)/(2/(2 + -24)). Suppose b = 2 + 9. What is the greatest common divisor of l and b?
11
Suppose -6 - 26 = -4*i. Calculate the greatest common divisor of 8 and i.
8
Let c be (35 - 3)*(-93)/6. Let t = c + 1003. Let f be (-3)/18 - t/(-18). What is the greatest common factor of 42 and f?
14
Let k = -41 + 104. What is the highest common factor of 9 and k?
9
Let r(z) = 3*z**3 + 2*z + 3. Let s be r(3). Let q be 8/(-8)*(1 - -8). Let l = q + 45. Calculate the greatest common factor of l and s.
18
Suppose 97 = 4*y - x, -2*y = 3*x - 2*x - 47. Calculate the highest common divisor of y and 8.
8
Suppose 0 = -2*o - 3*o + 140. Calculate the highest common factor of 196 and o.
28
Suppose 2*y = 4 - 0. Let c = -1 + 6. What is the highest common factor of c and y?
1
Suppose 0 = -4*c - 0*c + 20. Suppose -2*u - c*l + 34 = 0, l = -l + 8. Suppose -3*x - u = -4*x. Calculate the greatest common divisor of 7 and x.
7
Let r(q) = 42*q - 3. Let u be r(2). What is the greatest common factor of u and 27?
27
Let b(q) = 3*q**2 - 2*q - 8. Let v be b(-8). Let m be -2*1/(-2) - -24. What is the highest common divisor of m and v?
25
Suppose k - 11 = -2*f + 8, -4*f + 2*k + 18 = 0. What is the highest common divisor of 35 and f?
7
Let u = -45 + 9. Suppose -2*d = -3*s + 2*s - 72, -d = -4*s - 50. Let m = d - u. Calculate the greatest common divisor of m and 14.
14
Let g = 72 - 24. What is the highest common divisor of 32 and g?
16
Let t(g) = g**3 + 3. Let v be t(0). What is the greatest common factor of 1 and v?
1
Let t be (-3 - 16)*-3*2/3. What is the greatest common divisor of t and 266?
38
Let n(w) = -w + 9. Let j be n(4). Let l be (3 + -8)*(-48)/j. Suppose 5*r - 31 = -2*c + 3*c, -5*r + 2*c + 32 = 0. What is the highest common divisor of r and l?
6
Suppose 3*s + 380 = 7*s. Calculate the greatest common divisor of 38 and s.
19
Let x(g) = 6*g**2 + g - 1. Let o be x(1). Suppose -2*j + o = -j. What is the greatest common divisor of 12 and j?
6
Suppose 228 = 2*d - 10. What is the greatest common factor of 17 and d?
17
Suppose 2*s + 3*n - 75 = 0, 5*s + 2*n + 90 = 272. What is the greatest common factor of 162 and s?
18
Suppose -4*q - 2*z = -30, -3*q + z - 5 = -20. Calculate the greatest common factor of q and 96.
6
Let o = 1 - -5. Calculate the greatest common factor of o and 3.
3
Let k(q) = -2*q**2 + 18*q - 16. Let h be k(7). What is the greatest common factor of 48 and h?
12
Suppose 2*j - 8 = -4*f, 0 = -4*f + 3*j - 2*j - 4. Let z be -3 - -5 - (f - 10). What is the greatest common divisor of 36 and z?
12
Suppose 0*l + 21 = -3*l. Let g(h) = h**2 + 2*h - 7. Let u be g(l). Calculate the greatest common divisor of 70 and u.
14
Let s = -62 - -95. Calculate the greatest common divisor of 3 and s.
3
Suppose 0 = 6*q - 3*q - 21. Let v be (2/(-3))/(2/(-21)). What is the highest common factor of v and q?
7
Suppose -6*x = 4*f - x - 40, -8 = -2*x. Suppose 4*v - f*v = -12. What is the highest common divisor of v and 132?
12
Let o be (-30)/5*(-3 + 0). What is the greatest common factor of o and 72?
18
Let q = -15 - -22. Let w be (q + (-2 - -2))*5. Let s(p) = -p**2 - 5*p + 13. Let a be s(-6). Calculate the highest common factor of w and a.
7
Let a = -25 - -142. Suppose -5*r + 201 = k + 2*k, r = 2*k + 35. Let n be 1/(42/r - 1). What is the highest common divisor of n and a?
13
Let r(n) be the second derivative of -n**4/12 + 7*n**3/6 - n**2 + 11*n. Let s be r(5). Calculate the greatest common factor of s and 4.
4
Let x be (-2)/(-4)*(-448)/(-16). What is the greatest common factor of x and 42?
14
Suppose 0 = -3*q + 2*p + 20, -4*p = -2*p + 2. What is the highest common divisor of 66 and q?
6
Let u(g) = g**2 + 5*g + 8. Let x be u(8). Let v be ((-10)/(-6) - 1)*42. What is the highest common divisor of v and x?
28
Let b be 64/(-3)*24/(-16). Suppose 3*r + 2*a = 50, 2*a + b + 44 = 4*r. Calculate the greatest common factor of 162 and r.
18
Suppose -t = 4*t - 225. Suppose -4*s + t = -179. Calculate the highest common factor of s and 84.
28
Suppose 0 = -3*f + 11 + 13. What is the highest common factor of f and 4?
4
Let f(a) = 23*a**2 + 4*a + 3. Let b be f(5). Suppose 0 = 4*y + 166 - b. What is the highest common divisor of 12 and y?
12
Let u be 1 + (-2)/(-1) + -2. Calculate the highest common factor of 1 and u.
1
Suppose 3*k = 15 + 66. Let l be 5/15*1*27. What is the greatest common divisor of l and k?
9
Let g be 7/((-14)/(-20)) + -3. Suppose -4*p - 2*h + 103 + 121 = 0, -3*h - 224 = -4*p. Calculate the highest common divisor of p and g.
7
Suppose 3*u = 2*u + 20. Let z be 8/u + (-118)/(-5). Calculate the highest common divisor of 24 and z.
24
Suppose g = -0*g + 182. Suppose 2*k - 3*c = -c + 98, 4*k - g = -3*c. Let t = -27 + k. Calculate the greatest common divisor of t and 20.
20
Let o(i) = -i**3 + 21*i**2 - 20*i + 18. Let y be o(20). Let r = 103 + -58. Calculate the greatest common factor of r and y.
9
Suppose -3*u - 2 = -11. Let i(p) be the third d